common divisor of 156 and 108?
12
What is the greatest common divisor of 216 and 27?
27
Calculate the greatest common divisor of 13 and 260.
13
Calculate the greatest common divisor of 11020 and 80.
20
What is the highest common divisor of 494 and 156?
26
Calculate the greatest common factor of 126 and 225.
9
Calculate the highest common factor of 2 and 4.
2
Calculate the highest common factor of 1166 and 848.
106
What is the greatest common divisor of 5 and 58?
1
Calculate the greatest common divisor of 80 and 3520.
80
What is the greatest common factor of 146 and 365?
73
What is the highest common divisor of 156 and 507?
39
What is the highest common factor of 35 and 25?
5
What is the highest common factor of 3905 and 495?
55
Calculate the greatest common divisor of 58 and 464.
58
Calculate the greatest common divisor of 36 and 2988.
36
What is the highest common factor of 10 and 605?
5
What is the highest common factor of 45 and 243?
9
Calculate the greatest common factor of 56 and 128.
8
What is the highest common factor of 170 and 34?
34
What is the highest common factor of 1275 and 225?
75
Calculate the highest common factor of 96 and 84.
12
What is the greatest common divisor of 55 and 605?
55
Calculate the greatest common divisor of 2159 and 17.
17
Calculate the highest common divisor of 81 and 18.
9
Calculate the greatest common factor of 26 and 442.
26
Calculate the highest common divisor of 80 and 16.
16
Calculate the greatest common factor of 1927 and 41.
41
Calculate the highest common divisor of 42 and 35.
7
What is the highest common divisor of 632 and 16?
8
What is the highest common divisor of 697 and 34?
17
What is the highest common divisor of 270 and 110?
10
What is the greatest common divisor of 108 and 8?
4
What is the highest common factor of 2624 and 246?
82
What is the greatest common factor of 99 and 66?
33
What is the highest common factor of 143 and 8723?
143
What is the greatest common divisor of 220 and 4070?
110
What is the greatest common divisor of 4 and 458?
2
Calculate the highest common factor of 722 and 1026.
38
Calculate the greatest common factor of 18 and 258.
6
Calculate the greatest common divisor of 1557 and 162.
9
What is the highest common divisor of 6 and 138?
6
Calculate the highest common divisor of 81 and 270.
27
Calculate the highest common divisor of 9534 and 105.
21
Calculate the highest common factor of 45 and 55.
5
What is the greatest common factor of 14 and 1120?
14
What is the highest common divisor of 90 and 130?
10
Calculate the greatest common factor of 40 and 590.
10
What is the greatest common divisor of 696 and 488?
8
What is the highest common factor of 48 and 416?
16
Calculate the greatest common factor of 1358 and 291.
97
Calculate the greatest common divisor of 22 and 1309.
11
Calculate the highest common divisor of 190 and 3135.
95
What is the highest common factor of 187 and 34?
17
Calculate the greatest common divisor of 22 and 374.
22
Calculate the greatest common factor of 36 and 216.
36
What is the highest common divisor of 2044 and 1387?
73
What is the highest common factor of 2747 and 469?
67
What is the highest common factor of 44 and 21428?
44
What is the greatest common divisor of 59 and 236?
59
What is the greatest common divisor of 24 and 72?
24
What is the greatest common divisor of 6 and 294?
6
Calculate the greatest common factor of 6448 and 12.
4
Calculate the greatest common factor of 1470 and 30.
30
What is the highest common factor of 44 and 8646?
22
What is the highest common divisor of 98 and 1666?
98
What is the greatest common divisor of 135 and 81?
27
What is the greatest common divisor of 875 and 385?
35
Calculate the greatest common factor of 415 and 332.
83
What is the highest common factor of 1807 and 3753?
139
What is the greatest common factor of 29465 and 142?
71
Calculate the highest common factor of 216 and 9693.
27
What is the greatest common factor of 885 and 420?
15
Calculate the highest common factor of 1298 and 1062.
118
What is the highest common factor of 130 and 2015?
65
Calculate the greatest common divisor of 6751 and 86.
43
What is the highest common divisor of 4 and 2500?
4
Calculate the greatest common divisor of 696 and 435.
87
What is the highest common factor of 324 and 516?
12
Calculate the highest common divisor of 49 and 8281.
49
What is the greatest common factor of 32484 and 12?
12
Calculate the highest common divisor of 2895 and 15.
15
Calculate the highest common factor of 98 and 518.
14
Calculate the highest common factor of 5989 and 477.
53
What is the highest common factor of 50 and 1525?
25
Calculate the highest common factor of 17 and 10523.
17
What is the greatest common divisor of 210 and 240?
30
Calculate the highest common divisor of 13 and 195.
13
What is the greatest common factor of 528 and 33?
33
What is the highest common divisor of 9 and 327?
3
Calculate the greatest common factor of 1 and 359.
1
Calculate the greatest common factor of 210 and 196.
14
What is the highest common divisor of 325 and 275?
25
What is the greatest common factor of 15 and 2355?
15
What is the highest common factor of 6 and 12?
6
Calculate the highest common divisor of 588 and 240.
12
What is the greatest common divisor of 2710 and 10?
10
Calculate the greatest common factor of 187 and 1751.
17
What is the highest common divisor of 2 and 19?
1
Calculate the greatest common divisor of 32 and 296.
8
Calculate the greatest common factor of 55 and 1815.
55
What is the highest common factor of 323 and 170?
17
What is the highest common factor of 3 and 3957?
3
What is the highest common factor of 56 and 48?
8
Calculate the highest common factor of 370 and 74.
74
Calculate the highest common factor of 1649 and 97.
97
Calculate the greatest common factor of 2517 and 9.
3
What is the highest common divisor of 128 and 128?
128
Calculate the highest common divisor of 240 and 110.
10
What is the highest common factor of 252 and 108?
36
Calculate the greatest common factor of 268 and 2278.
134
What is the highest common factor of 39 and 247?
13
What is the greatest common divisor of 30163 and 31?
31
Calculate the highest common factor of 2340 and 52.
52
What is the highest common factor of 380 and 152?
76
What is the greatest common divisor of 262 and 917?
131
What is the greatest common divisor of 30 and 480?
30
What is the greatest common divisor of 1848 and 33?
33
What is the greatest common divisor of 261 and 81?
9
Calculate the greatest common divisor of 18 and 2598.
6
Calculate the highest common factor of 153 and 2421.
9
Calculate the greatest common factor of 43418 and 34.
34
Calculate the greatest common divisor of 1068 and 132.
12
What is the highest common divisor of 228 and 1425?
57
What is the greatest common divisor of 6 and 1152?
6
Calculate the greatest common divisor of 91 and 533.
13
What is the highest common factor of 64 and 2?
2
What is the greatest common divisor of 12 and 3?
3
What is the highest common factor of 507 and 117?
39
What is the highest common factor of 80 and 7960?
40
Calculate the greatest common divisor of 32084 and 104.
52
Calculate the highest common divisor of 32 and 2336.
32
What is the highest common factor of 51811 and 263?
263
Calculate the greatest common divisor of 231 and 5313.
231
What is the highest common factor of 735 and 210?
105
What is the greatest common factor of 2 and 58?
2
What is the greatest common factor of 57 and 399?
57
What is the highest common factor of 308 and 44?
44
What is the highest common divisor of 22 and 13673?
11
Calculate the highest common factor of 17 and 130441.
17
What is the greatest common divisor of 7 and 175?
7
What is the highest common factor of 106 and 159?
53
Calculate the highest common divisor of 553 and 77.
7
Calculate the highest common divisor of 481 and 592.
37
What is the greatest common factor of 459 and 68?
17
What is the greatest common divisor of 36 and 1620?
36
Calculate the greatest common divisor of 12461 and 34.
17
What is the highest common divisor of 25 and 35?
5
What is the highest common factor of 24447 and 87?
87
Calculate the greatest common factor of 128 and 320.
64
Calculate the greatest common divisor of 2360 and 5605.
295
What 